s the highest common divisor of 5870 and 1844941?
587
What is the highest common factor of 1240245 and 2565?
135
What is the greatest common factor of 1219287 and 4351?
19
Calculate the highest common factor of 6248 and 379588.
44
Calculate the highest common divisor of 2848 and 2458180.
356
What is the greatest common divisor of 25313300 and 100?
100
Calculate the highest common divisor of 13694836 and 32.
4
Calculate the highest common factor of 4167 and 757478649.
1389
What is the highest common factor of 11819 and 1456864?
53
Calculate the greatest common divisor of 17256316 and 1790.
358
Calculate the highest common divisor of 128373497 and 423.
47
What is the greatest common factor of 5080 and 43568620?
2540
Calculate the highest common factor of 184631464 and 4528.
2264
What is the greatest common divisor of 2684928 and 195339?
1311
What is the greatest common divisor of 214 and 16637858?
214
What is the greatest common factor of 5836020 and 5244?
276
What is the highest common factor of 12848184 and 828?
36
What is the highest common divisor of 5332 and 499348?
124
Calculate the greatest common factor of 207680 and 443872.
352
Calculate the highest common factor of 5901967 and 1613.
1613
What is the highest common factor of 18966 and 175827?
87
Calculate the highest common factor of 210 and 6036.
6
Calculate the highest common factor of 199786210 and 2210.
2210
Calculate the highest common divisor of 918624 and 8400.
336
Calculate the greatest common factor of 14035429 and 488.
61
Calculate the greatest common factor of 3054 and 336781377.
1527
Calculate the greatest common divisor of 414505 and 15704.
13
Calculate the greatest common divisor of 6909 and 12314141.
2303
Calculate the highest common divisor of 9520 and 4735010.
1190
What is the highest common divisor of 6652 and 12148?
4
What is the greatest common divisor of 35189604 and 18598?
1094
What is the highest common factor of 590128 and 143?
11
Calculate the greatest common divisor of 1813689660 and 60.
60
Calculate the highest common factor of 11516862 and 2709.
903
What is the highest common factor of 78744820 and 1925?
385
What is the highest common divisor of 326951646 and 188?
94
Calculate the highest common factor of 504990325 and 987.
329
What is the greatest common factor of 768 and 3963872?
32
What is the highest common divisor of 980 and 11684540?
980
Calculate the greatest common divisor of 20 and 22785090.
10
What is the greatest common factor of 26685022 and 234?
26
What is the highest common divisor of 84 and 1275582?
42
What is the highest common divisor of 5395 and 53732955?
415
What is the highest common factor of 6179 and 4677503?
6179
Calculate the highest common divisor of 371 and 22183203.
371
What is the highest common factor of 8968 and 68248?
152
What is the highest common divisor of 3269 and 15668784?
467
What is the highest common divisor of 277283746 and 12244?
6122
What is the highest common divisor of 25768 and 16552?
8
What is the highest common factor of 18 and 220128507?
9
What is the highest common factor of 202048 and 35793?
41
What is the greatest common factor of 71288 and 211204?
532
Calculate the highest common divisor of 319433664 and 66.
66
What is the highest common factor of 594509 and 6605503?
1373
What is the greatest common factor of 2268 and 171431640?
324
Calculate the greatest common divisor of 48 and 383472132.
12
What is the greatest common divisor of 2642916 and 36?
12
Calculate the greatest common divisor of 276241 and 15770475.
4123
Calculate the highest common factor of 38821168 and 11312.
1616
Calculate the highest common divisor of 141296750 and 7364.
3682
Calculate the greatest common divisor of 74183 and 3730687.
2393
Calculate the highest common divisor of 3123532 and 4988.
116
What is the greatest common divisor of 1138005 and 46512?
171
What is the greatest common factor of 25473870 and 5472?
342
What is the greatest common divisor of 14634 and 12096?
54
Calculate the highest common factor of 253940064 and 1344.
672
Calculate the greatest common divisor of 27888 and 339.
3
What is the highest common factor of 23194356 and 6027?
123
What is the greatest common factor of 23004 and 12442608?
2556
What is the greatest common factor of 13942544 and 15400?
616
Calculate the greatest common factor of 1582893 and 5727.
249
Calculate the greatest common factor of 30 and 4044880.
10
Calculate the highest common divisor of 1242 and 75186126.
414
What is the highest common divisor of 2686 and 6309126598?
2686
What is the greatest common factor of 53398088 and 391?
391
What is the highest common divisor of 252753 and 5224254?
519
Calculate the greatest common factor of 596035066 and 8646.
2882
Calculate the greatest common factor of 794120 and 4120.
40
Calculate the highest common divisor of 300 and 1464000.
300
Calculate the greatest common divisor of 51377 and 26145.
83
What is the highest common divisor of 15540 and 116452?
28
What is the greatest common factor of 58844124 and 51084?
4644
Calculate the highest common factor of 1457274 and 462.
42
Calculate the highest common divisor of 39273145 and 255.
85
What is the highest common divisor of 909400477 and 38?
19
What is the highest common divisor of 2298315820 and 620?
620
What is the greatest common divisor of 7266740 and 4446?
494
What is the highest common divisor of 8 and 27416744?
8
What is the greatest common factor of 226 and 1322?
2
Calculate the greatest common factor of 752993928 and 72.
72
What is the highest common factor of 2948960 and 2590?
70
What is the highest common factor of 132 and 92154084?
132
What is the highest common factor of 666 and 7625478?
222
Calculate the highest common factor of 916738 and 2096.
262
What is the highest common divisor of 116424 and 13811688?
2376
What is the highest common divisor of 178072 and 216?
8
Calculate the greatest common divisor of 94240 and 754912.
992
Calculate the highest common factor of 79 and 904218121.
79
Calculate the highest common factor of 2017782 and 338.
26
What is the highest common divisor of 7448 and 24622696?
392
What is the greatest common factor of 56640 and 822165?
885
What is the highest common divisor of 1282983 and 16203?
1473
What is the greatest common factor of 1187848 and 129648?
296
What is the highest common divisor of 210 and 2360330?
70
What is the greatest common factor of 21175284 and 1822?
1822
Calculate the highest common factor of 2517 and 25651586.
839
What is the highest common factor of 2009120 and 606448?
464
What is the greatest common divisor of 785 and 1956691?
157
Calculate the highest common factor of 756 and 5091066.
54
Calculate the greatest common divisor of 952 and 428941450.
238
Calculate the greatest common divisor of 652354 and 184264.
1486
What is the greatest common factor of 36673 and 1338363?
403
What is the highest common factor of 134299 and 81664?
319
Calculate the highest common factor of 203339232 and 48.
48
Calculate the greatest common divisor of 5842766 and 418.
38
What is the highest common factor of 4550 and 826?
14
Calculate the highest common factor of 1694 and 9942812.
242
What is the highest common divisor of 32064 and 357365304?
4008
Calculate the greatest common divisor of 78 and 102441534.
78
Calculate the highest common factor of 206598648 and 2832.
1416
Calculate the highest common factor of 8592248 and 7544.
184
What is the greatest common divisor of 3584960 and 816?
272
Calculate the highest common factor of 12 and 14539650.
6
Calculate the highest common factor of 113014886 and 199.
199
Calculate the highest common factor of 16044 and 546000.
84
Calculate the greatest common divisor of 4078 and 30084.
2
Calculate the greatest common factor of 22179744 and 432.
432
Calculate the greatest common divisor of 3560 and 2122760.
40
What is the greatest common factor of 110894 and 42?
14
Calculate the highest common divisor of 700074 and 7654.
178
Calculate the greatest common divisor of 2368 and 38443.
37
Calculate the highest common divisor of 466136960 and 11216.
11216
Calculate the greatest common divisor of 4995 and 210160.
185
Calculate the greatest common factor of 30539350 and 50.
50
What is the highest common divisor of 178710 and 1051